rime factors of 3582416?
2, 41, 43, 127
What are the prime factors of 19663374?
2, 3, 1063, 3083
List the prime factors of 397123.
139, 2857
What are the prime factors of 3957877?
7, 11, 1049
List the prime factors of 2900673.
3, 19, 16963
What are the prime factors of 864058?
2, 13, 167, 199
What are the prime factors of 3432956?
2, 858239
List the prime factors of 33493317.
3, 11, 13, 101, 773
What are the prime factors of 1165963?
1013, 1151
What are the prime factors of 279327?
3, 17, 5477
List the prime factors of 240896.
2, 941
List the prime factors of 7335768.
2, 3, 11, 37, 751
List the prime factors of 20602.
2, 10301
What are the prime factors of 169473?
3, 17, 3323
What are the prime factors of 460430?
2, 5, 41, 1123
List the prime factors of 363297.
3, 11, 101, 109
What are the prime factors of 204828?
2, 3, 13, 101
What are the prime factors of 1729860?
2, 3, 5, 11, 2621
List the prime factors of 1881525.
3, 5, 25087
What are the prime factors of 605104?
2, 59, 641
What are the prime factors of 632648?
2, 31, 2551
What are the prime factors of 7355278?
2, 7, 525377
List the prime factors of 21181648.
2, 67, 19759
List the prime factors of 81457.
81457
List the prime factors of 201775.
5, 7, 1153
List the prime factors of 6840229.
11, 113, 5503
What are the prime factors of 303196?
2, 229, 331
List the prime factors of 2059547.
7, 31, 9491
What are the prime factors of 27281733?
3, 157, 57923
What are the prime factors of 196045?
5, 39209
What are the prime factors of 15994763?
409, 39107
List the prime factors of 940579.
151, 6229
What are the prime factors of 959104?
2, 59, 127
List the prime factors of 294839.
53, 5563
What are the prime factors of 18197135?
5, 11, 330857
List the prime factors of 5281660.
2, 5, 264083
List the prime factors of 89392.
2, 37, 151
List the prime factors of 445269.
3, 11, 103, 131
List the prime factors of 222209.
13, 17093
What are the prime factors of 2498737?
2498737
What are the prime factors of 443793?
3, 7, 3019
What are the prime factors of 4768006?
2, 29, 82207
List the prime factors of 570663.
3, 163, 389
List the prime factors of 1063065.
3, 5, 131, 541
List the prime factors of 150659.
150659
List the prime factors of 165068.
2, 29, 1423
What are the prime factors of 39866644?
2, 2791, 3571
List the prime factors of 26422.
2, 11, 1201
List the prime factors of 410792.
2, 51349
List the prime factors of 135836.
2, 29, 1171
List the prime factors of 69935.
5, 71, 197
What are the prime factors of 1814360?
2, 5, 67, 677
What are the prime factors of 2738104?
2, 23, 647
What are the prime factors of 27284?
2, 19, 359
List the prime factors of 7743209.
7743209
What are the prime factors of 5561084?
2, 977, 1423
List the prime factors of 206035.
5, 89, 463
List the prime factors of 1121859.
3, 31, 4021
What are the prime factors of 1483990?
2, 5, 148399
List the prime factors of 29791.
31
What are the prime factors of 1511960?
2, 5, 37799
What are the prime factors of 39081?
3, 7, 1861
What are the prime factors of 773062?
2, 83, 4657
List the prime factors of 749669.
257, 2917
What are the prime factors of 35586681?
3, 13, 23, 97, 409
What are the prime factors of 1642313?
1642313
List the prime factors of 409605.
3, 5, 7, 47, 83
What are the prime factors of 6396898?
2, 23, 59, 2357
What are the prime factors of 14583533?
53, 275161
List the prime factors of 1447681.
43, 131, 257
List the prime factors of 502783.
41, 12263
What are the prime factors of 8642146?
2, 353, 12241
What are the prime factors of 5049942?
2, 3, 313, 2689
What are the prime factors of 638610?
2, 3, 5, 7, 3041
List the prime factors of 1627439.
11, 147949
List the prime factors of 11289019.
7, 719, 2243
List the prime factors of 18881012.
2, 73, 64661
List the prime factors of 177180.
2, 3, 5, 2953
List the prime factors of 6402885.
3, 5, 426859
What are the prime factors of 334364?
2, 83591
List the prime factors of 714582.
2, 3, 11, 401
What are the prime factors of 51779?
7, 13, 569
What are the prime factors of 670895?
5, 109, 1231
List the prime factors of 330866.
2, 19, 8707
What are the prime factors of 1799257?
257, 7001
What are the prime factors of 13938597?
3, 1548733
List the prime factors of 121863.
3, 7, 829
What are the prime factors of 7905281?
433, 18257
What are the prime factors of 3286860?
2, 3, 5, 29, 1889
What are the prime factors of 6143403?
3, 7, 19, 89, 173
List the prime factors of 8212800.
2, 3, 5, 29, 59
List the prime factors of 6766716.
2, 3, 11, 51263
List the prime factors of 8166005.
5, 1633201
List the prime factors of 6546446.
2, 911, 3593
List the prime factors of 374497.
197, 1901
List the prime factors of 477484.
2, 7, 17053
What are the prime factors of 1608212?
2, 402053
What are the prime factors of 1482246?
2, 3, 27449
List the prime factors of 5272731.
3, 509, 1151
What are the prime factors of 2956612?
2, 739153
List the prime factors of 1216525.
5, 48661
What are the prime factors of 6736412?
2, 19, 151, 587
List the prime factors of 2066116.
2, 13, 39733
What are the prime factors of 35567823?
3, 53, 223697
List the prime factors of 3029650.
2, 5, 13, 59, 79
What are the prime factors of 35811?
3, 23, 173
What are the prime factors of 2064518?
2, 1032259
What are the prime factors of 137102?
2, 7, 1399
What are the prime factors of 6386566?
2, 3193283
What are the prime factors of 504299?
504299
List the prime factors of 20499270.
2, 3, 5, 11, 62119
List the prime factors of 1262.
2, 631
What are the prime factors of 7450135?
5, 7, 11, 37, 523
List the prime factors of 1578654.
2, 3, 7, 11, 17, 67
What are the prime factors of 225?
3, 5
List the prime factors of 14720441.
59, 249499
What are the prime factors of 401562?
2, 3, 7, 3187
What are the prime factors of 864454?
2, 432227
What are the prime factors of 52440?
2, 3, 5, 19, 23
List the prime factors of 3803.
3803
What are the prime factors of 2448823?
13, 113, 1667
List the prime factors of 1001152.
2, 15643
List the prime factors of 412381.
151, 2731
List the prime factors of 2017763.
11, 53, 3461
List the prime factors of 97201.
13, 7477
List the prime factors of 25888788.
2, 3, 239711
List the prime factors of 730089.
3, 23, 3527
List the prime factors of 558494.
2, 59, 4733
What are the prime factors of 145423?
145423
What are the prime factors of 9145781?
9145781
What are the prime factors of 284422?
2, 142211
What are the prime factors of 17873232?
2, 3, 13, 28643
What are the prime factors of 3033323?
3033323
List the prime factors of 8187386.
2, 311, 13163
List the prime factors of 60949.
7, 8707
What are the prime factors of 218244?
2, 3, 13, 1399
List the prime factors of 15855151.
13, 41, 151, 197
What are the prime factors of 115592?
2, 14449
List the prime factors of 1557229.
479, 3251
List the prime factors of 24008708.
2, 37, 162221
List the prime factors of 8969923.
8969923
List the prime factors of 387255.
3, 5, 11, 2347
List the prime factors of 377629.
7, 73, 739
What are the prime factors of 3479709?
3, 317, 3659
List the prime factors of 657045.
3, 5, 31, 157
List the prime factors of 2671017.
3, 181, 4919
List the prime factors of 1770687.
3, 65581
List the prime factors of 2409777.
3, 149, 599
List the prime factors of 982630.
2, 5, 11, 8933
What are the prime factors of 1957491?
3, 217499
What are the prime factors of 3216392?
2, 402049
List the prime factors of 5340488.
2, 667561
What are the prime factors of 239087?
239087
What are the prime factors of 2693385?
3, 5, 71, 281
What are the prime factors of 3825084?
2, 3, 23, 13859
What are the prime factors of 10717638?
2, 3, 1301, 1373
What are the prime factors of 36891?
3, 4099
List the prime factors of 406968.
2, 3, 31, 547
What are the prime factors of 641828?
2, 11, 29, 503
What are the prime factors of 204794?
2, 102397
List the prime factors of 5021699.
373, 13463
List the prime factors of 6817941.
3, 13, 19, 3067
What are the prime factors of 108912?
2, 3, 2269
What are the prime factors of 6772093?
41, 165173
List the prime factors of 29297847.
3, 9765949
What are the prime factors of 451533?
3, 41, 3671
What are the prime factors of 5956826?
2, 2978413
What are the prime factors of 2987147?
2987147
What are the prime factors of